(-6))/(-3). Suppose -q = -5*d - 4*r, -r + 50 = d + 3*d. What is the tens digit of d?
1
Suppose -2*c = -8 - 18. Let g(u) = 2*u**2 + 3*u + 1. Let y be g(-2). Suppose -i = -5*j + 2*j + 11, y*i - 4*j = -c. What is the units digit of i?
1
What is the units digit of -15*((-108)/(-15))/(-3)?
6
Let t be 1*(3 - (3 - -17)). What is the units digit of t/(-3) - (-2)/(-3)?
5
Let o = 4 - 1. Suppose o*g - 2*g + 2*v + 2 = 0, -2*g - 3 = 3*v. Suppose 2*z - 2*f + 4*f - 32 = g, 19 = 4*z - 5*f. What is the units digit of z?
1
Let r(x) = -2*x + 7. What is the tens digit of r(-14)?
3
Let u(z) = z**3 + 10*z**2 - 9*z + 4. What is the hundreds digit of u(-8)?
2
Suppose 5*p = -5, 0 = -5*b + 5*p + 812 + 468. What is the tens digit of b?
5
Let m = -9 + 10. Suppose 0 = d - m - 14. What is the units digit of d?
5
Let r(c) be the third derivative of -1/30*c**5 + 1/120*c**6 + 0 + 0*c + 1/6*c**3 - 1/24*c**4 - 4*c**2. What is the units digit of r(3)?
7
Let k(j) = -3*j**2 + 5*j - 1. Let v be k(4). Suppose 2*y + 50 - 10 = 0. Let h = y - v. What is the units digit of h?
9
Let m be (2 + -20)*(-1)/(-2). Let t(z) = -z**3 - 10*z**2 - 9*z + 6. What is the units digit of t(m)?
6
What is the units digit of 119/28 - (-1)/(-4)?
4
Suppose 0 = 9*i - 59 - 22. What is the units digit of i?
9
Let v(w) = w**2 + 2. What is the units digit of v(-5)?
7
Let f be (-8)/10*(-7 + 2). Let i = f + 4. What is the units digit of i?
8
Suppose -10*k + 440 = -2*k. What is the units digit of k?
5
Let u be -6 - -1 - (2 + -1). Let h be ((-44)/u)/((-4)/6). Let b = 0 - h. What is the tens digit of b?
1
Suppose 48 = 2*f - 2*a, f - 7 = 2*a + 14. What is the units digit of f?
7
Let d(o) = 4*o**2 - o + 4. What is the tens digit of d(-3)?
4
Suppose -3*g - 2*n + 5*n = -93, -167 = -5*g + n. What is the units digit of g?
4
Suppose -w + 42 = -4*b, 2*b - 154 = -3*w - 0*b. What is the tens digit of w?
5
Let d(c) = c - 10. Let z be d(15). Suppose 4*j = -h + 59, h - 6*h = z. What is the units digit of j?
5
Suppose 6*h + 28 = -s + 2*h, 0 = 4*s - 3*h + 93. Let r = -8 - s. What is the units digit of r?
6
Suppose 3*a - 76 = -p, -3*a + 382 - 2 = 5*p. What is the units digit of p?
6
Let o be 2/(-6) + 7/3. Suppose b = -o*b + 39. What is the units digit of b?
3
Let c(l) = -3*l + 5. Let w be c(-4). Suppose -12*g + 17*g + 50 = 0. Let i = g + w. What is the units digit of i?
7
Let h be -2*((-52)/8 + 2). What is the tens digit of 24/h*(-75)/(-20)?
1
What is the units digit of -1*(2 - (67 - -3))?
8
Let j(f) = 5*f**2 + 3*f - 15. What is the units digit of j(-6)?
7
Let u be (1 - 2) + 10/2. Let t be (u/(-3))/((-2)/3). Suppose r + a = 11, -2*r - t*a = r - 28. What is the units digit of r?
6
Let h = 128 + -113. What is the tens digit of h?
1
Let j(r) = r + 2. Let s = 11 + -8. Suppose 0 = -u - 0*x - x - 5, 3*u - s*x - 9 = 0. What is the units digit of j(u)?
1
Suppose 3*q + 15 = 0, -5*q - 22 + 0 = b. Let o(n) = -4*n**2 - 2*n + 1. Let s be o(2). What is the units digit of s/(-2) - b/6?
9
What is the tens digit of (-28)/(-7) - (0 - 50*5)?
5
Let f(k) = -k**3 + 7*k**2 - 6*k + 5. Let j be f(6). Suppose -44 = d - j*d. What is the tens digit of d?
1
Suppose 0 = -2*w + 15 + 17. Let x = w + -3. What is the units digit of x?
3
Let n(y) = -y**3 - 6*y**2 + 4*y - 9. Let c be 2 - 2*45/6. Let f be (1 - c)/(-2 + 0). What is the units digit of n(f)?
2
Let f = 34 - 12. Suppose 3*d - 5*p - f = 0, 3*p = 2*d + p - 12. Suppose -1 = -d*i + 3. What is the units digit of i?
1
Let v(i) = -9*i + 3. What is the tens digit of v(-4)?
3
Let w(o) = o + 1. Let i be w(4). Suppose m + 2*f + 9 - 23 = 0, 5*f = i*m - 10. What is the units digit of m?
6
Suppose 4*o - 20 = 3*o. Let f = o + -11. What is the units digit of f?
9
Suppose 2*v - 5 - 21 = 0. Let p be 1*(-5)/(-10)*-2. Let o = p + v. What is the tens digit of o?
1
Let j(n) = 5*n**2 - 1. Let i be j(1). Suppose -4*u + 4*x + 24 = 0, 2*u + 11 = i*u - x. What is the units digit of u?
5
Let a be (-5)/(10/32) + -2. Let o = -12 - a. Suppose -3*c = -2*c - o. What is the units digit of c?
6
Suppose -5*g - 19 - 1 = 0. Let j be 8/g - (6 + 1). Let k = 15 + j. What is the units digit of k?
6
Suppose 2*y - 3*y = -4. Suppose -2*s + 2*r = -y*s + 14, 8 = 5*s - 4*r. What is the units digit of (2 - 0) + s + -2?
4
Let o(f) = f**2 - 4*f. Let k be o(4). Suppose 15 = -h + 6*h. Suppose -h*s + 6*s - 18 = k. What is the units digit of s?
6
What is the units digit of (-12)/((5 - 3) + -4)?
6
Let k(j) = -j**2 - 18*j - 32. What is the units digit of k(-13)?
3
Suppose -16 = -2*z + 4*k, k + 25 = 4*z - 0. Let j(f) be the second derivative of -f**5/20 + 7*f**4/12 - 5*f**3/6 + 5*f**2/2 - f. What is the tens digit of j(z)?
1
Let o(k) = k**3 + 22*k**2 - 27*k + 23. What is the hundreds digit of o(-23)?
1
Suppose -2*b - 5*u = -39, -4 = 3*b - 0*b - 5*u. Suppose 4*t + t - b = -2*v, 3*t + 3*v = -3. What is the units digit of t?
3
Let r = 0 - -4. What is the units digit of r?
4
Let i(j) = j**3 - 5*j**2 - 4*j - 8. Let d be i(6). Let o = d - 0. Let x(s) = 3*s - 6. What is the units digit of x(o)?
6
Let k(q) = 2*q**2 + 2*q - 2. What is the units digit of k(2)?
0
Let k = -43 + 88. Suppose -5*g + 15 = -k. What is the tens digit of g?
1
Let i = -23 - -12. Let k(u) = u**3 + 12*u**2 + 12*u + 11. Let l be k(i). Let w(h) = h**3 + h**2 - h + 12. What is the units digit of w(l)?
2
Let z = 3 - 3. Suppose 0 = -5*r + d + 5, -5*r - 5*d + z*d = -5. Let t = r - -4. What is the units digit of t?
5
Suppose 0 = -x + 2*y - 0 - 1, 0 = -3*x - y + 11. Suppose x*j - 42 = 3*w, -5*j + 55 = -0*j - 2*w. What is the units digit of j?
9
Suppose -5*f + 3*u = -33, 3*u + 14 = 2*f + u. What is the units digit of f?
6
Suppose 3*u + 13 + 17 = 3*d, -4*u - d = 25. Let h = -5 - u. Suppose -m + 21 = h*m. What is the units digit of m?
7
Let g(t) = -2*t**2 + 3*t + 3. Let d(p) = -p**2 - p - 1. Let x(r) = -3*d(r) + g(r). What is the units digit of x(-5)?
1
Suppose -3*p + 114 = b + 26, 0 = 4*p + 3*b - 114. Suppose -2*t - p = t. What is the units digit of (-45)/t + (-1)/(-2)?
5
Suppose 2*t - 34 = 2. What is the tens digit of t?
1
Let t be (-70)/(-3)*18/15. Let h = -12 + t. What is the units digit of h?
6
Let x = -6 + 7. Suppose -5*q = -x - 14. Suppose -k - i = -10, -2*k + q*i + 10 = -0. What is the units digit of k?
8
Let p be (-1 - (-16)/(-2)) + -1. Let y(d) = -2*d - 12. Let n be y(p). Suppose -l - 5 = -n. What is the units digit of l?
3
Let v(z) = 7*z**2 - 4*z - 3. What is the units digit of v(-2)?
3
Let d(v) = -2*v - v - 9 - 2*v + 7*v. What is the tens digit of d(13)?
1
Suppose -2*u + 186 = -0*u. What is the units digit of u?
3
Let m(o) = 6*o + 1. Let h(g) = -g**2 + 7*g - 4. Let a be h(6). What is the tens digit of m(a)?
1
Let z = -9 + 9. Suppose z = 2*m - 16 + 6. What is the units digit of m?
5
Let u = 102 + -20. What is the tens digit of u?
8
Let b = -119 + 200. What is the tens digit of b?
8
Let f(g) = -g**2 + 10*g + 2. What is the units digit of f(7)?
3
Let v(s) = -s**2 - 5*s - 1. Let t be v(-4). Let r(h) = 2*h**2 + 3. Let w be r(t). Suppose -5 = j - w. What is the units digit of j?
6
Let g = -1 - -1. Suppose g = 2*h - 6. Suppose 0 = -4*a + h*a + 3. What is the units digit of a?
3
Let m(v) = v**2 + 5*v + 8. What is the units digit of m(-7)?
2
Suppose -7 + 65 = -5*q - 3*c, -q + 2*c = 22. Let p = 18 + q. What is the units digit of p?
4
Let n(l) = 26*l + 2. What is the units digit of n(5)?
2
Let p(m) = 175*m**2 - 5*m - 1. What is the hundreds digit of p(1)?
1
Suppose -4*n + 6*n - 4 = 0. What is the units digit of 13/n - (-3)/6?
7
Let n = -47 + 114. What is the units digit of n?
7
Let f(x) = -1. Let l(c) = 5*c - 2. Let t(h) = -f(h) + l(h). What is the units digit of t(1)?
4
Let a = 34 - 57. Let y = a + 35. What is the tens digit of y?
1
Suppose 4*w = -2*n + 34, 2*n - n - w = 29. What is the tens digit of n?
2
Let w(b) = b**3 - 11*b**2 - 16*b - 9. What is the units digit of w(13)?
1
Let d(i) = -i**2 + 48. What is the tens digit of d(0)?
4
Suppose 253 = 3*u + 67. What is the tens digit of u?
6
Let n(t) = t**2 - 5*t - 5. Let c be n(6). Let a be (c - 17*-2) + 1. Suppose 4*p + 3*r + 3 = 16, 0 = -3*p + 3*r + a. What is the units digit of p?
7
Suppose 3*v = -5*o + 650, 191 = 5*o + 2*v - 454. What is the hundreds digit of o?
1
Let l(j) = j**3 - 2*j + 1. Let c be l(2). Suppose -11 = c*u - 91. Suppose 2*f - u = -0*f. Wha